2507.
67, 277, 373
List the prime factors of 451668.
2, 3, 7, 19, 283
What are the prime factors of 493707?
3, 164569
List the prime factors of 359543.
257, 1399
What are the prime factors of 2592202?
2, 1296101
What are the prime factors of 15478817?
199, 77783
List the prime factors of 41150.
2, 5, 823
What are the prime factors of 5753950?
2, 5, 115079
What are the prime factors of 3211311?
3, 59, 18143
List the prime factors of 1768002.
2, 3, 41, 7187
What are the prime factors of 338905?
5, 7, 23, 421
List the prime factors of 220964.
2, 37, 1493
List the prime factors of 15103312.
2, 7, 134851
List the prime factors of 572452.
2, 143113
What are the prime factors of 431630?
2, 5, 17, 2539
What are the prime factors of 2661176?
2, 7, 47521
List the prime factors of 1975195.
5, 395039
What are the prime factors of 7981703?
43, 185621
List the prime factors of 956254.
2, 13, 36779
List the prime factors of 1073950.
2, 5, 47, 457
What are the prime factors of 30196503?
3, 401, 2789
List the prime factors of 39417.
3, 7, 1877
What are the prime factors of 1247184?
2, 3, 2887
List the prime factors of 205991.
205991
List the prime factors of 8363135.
5, 11, 19, 53, 151
List the prime factors of 122168.
2, 15271
List the prime factors of 130390.
2, 5, 13, 17, 59
List the prime factors of 3819298.
2, 7, 272807
What are the prime factors of 26174?
2, 23, 569
What are the prime factors of 28079473?
19, 43, 34369
List the prime factors of 237640.
2, 5, 13, 457
List the prime factors of 424999.
157, 2707
List the prime factors of 10893982.
2, 11, 495181
What are the prime factors of 1690917?
3, 109, 5171
List the prime factors of 3981022.
2, 499, 3989
What are the prime factors of 4290463?
29, 197, 751
List the prime factors of 116729.
113, 1033
List the prime factors of 6016.
2, 47
What are the prime factors of 12658814?
2, 7, 904201
What are the prime factors of 174708?
2, 3, 23, 211
What are the prime factors of 235992?
2, 3, 9833
List the prime factors of 1206797.
337, 3581
What are the prime factors of 5166080?
2, 5, 1009
List the prime factors of 12022212.
2, 3, 19, 67, 787
What are the prime factors of 901638?
2, 3, 59, 283
List the prime factors of 183131.
13, 14087
List the prime factors of 1648942.
2, 37, 22283
List the prime factors of 1281705.
3, 5, 85447
List the prime factors of 17048615.
5, 83, 41081
List the prime factors of 935394.
2, 3, 31, 47, 107
What are the prime factors of 152796?
2, 3, 7, 17, 107
List the prime factors of 2494952.
2, 311869
What are the prime factors of 231049?
7, 13, 2539
List the prime factors of 76264.
2, 9533
What are the prime factors of 6807818?
2, 709, 4801
List the prime factors of 596807.
463, 1289
List the prime factors of 104033.
104033
List the prime factors of 375381.
3, 13903
List the prime factors of 319139.
337, 947
What are the prime factors of 658017?
3, 24371
List the prime factors of 11301251.
13, 431, 2017
List the prime factors of 10138678.
2, 11, 59, 73, 107
What are the prime factors of 839274?
2, 3, 43, 3253
List the prime factors of 19199187.
3, 7, 11287
List the prime factors of 3129577.
11, 284507
What are the prime factors of 9318573?
3, 11, 43, 199
List the prime factors of 251661.
3, 149, 563
List the prime factors of 301625.
5, 19, 127
What are the prime factors of 1690884?
2, 3, 13, 3613
What are the prime factors of 8034545?
5, 1606909
What are the prime factors of 62080?
2, 5, 97
What are the prime factors of 314713?
7, 44959
What are the prime factors of 1983832?
2, 17, 29, 503
List the prime factors of 854022.
2, 3, 13, 10949
List the prime factors of 1943911.
1943911
What are the prime factors of 9527369?
113, 84313
List the prime factors of 95020.
2, 5, 4751
What are the prime factors of 3925361?
11, 32441
List the prime factors of 1458456.
2, 3, 67, 907
What are the prime factors of 1193123?
1193123
List the prime factors of 14067417.
3, 7, 13, 227
What are the prime factors of 2565989?
2565989
What are the prime factors of 1508623?
1508623
What are the prime factors of 915569?
17, 53857
What are the prime factors of 827509?
17, 48677
What are the prime factors of 787772?
2, 31, 6353
What are the prime factors of 10123340?
2, 5, 439, 1153
What are the prime factors of 2299040?
2, 5, 14369
What are the prime factors of 581388?
2, 3, 48449
List the prime factors of 416359.
416359
What are the prime factors of 437684?
2, 13, 19, 443
List the prime factors of 9567299.
7, 27893
What are the prime factors of 30346468?
2, 1229, 6173
What are the prime factors of 6290079?
3, 2096693
List the prime factors of 11191.
19, 31
List the prime factors of 250037.
250037
What are the prime factors of 291371?
291371
What are the prime factors of 2479892?
2, 17, 36469
What are the prime factors of 1242425?
5, 49697
List the prime factors of 5899277.
127, 46451
List the prime factors of 1670708.
2, 13, 19, 89
What are the prime factors of 5103431?
5103431
What are the prime factors of 25889?
25889
What are the prime factors of 9782421?
3, 11, 296437
List the prime factors of 1887418.
2, 13, 229, 317
What are the prime factors of 584027?
584027
What are the prime factors of 1561865?
5, 239, 1307
What are the prime factors of 1806095?
5, 361219
List the prime factors of 473531.
473531
List the prime factors of 529538.
2, 264769
What are the prime factors of 289641?
3, 11, 67, 131
What are the prime factors of 7077820?
2, 5, 353891
List the prime factors of 112743.
3, 12527
What are the prime factors of 7070309?
67, 105527
What are the prime factors of 675999?
3, 25037
List the prime factors of 2403585.
3, 5, 31, 1723
What are the prime factors of 192181?
11, 17471
List the prime factors of 5527275.
3, 5, 13, 5669
What are the prime factors of 4665942?
2, 3, 259219
What are the prime factors of 416849?
416849
What are the prime factors of 38790167?
13, 23, 129733
What are the prime factors of 7260148?
2, 7, 383, 677
What are the prime factors of 14135655?
3, 5, 239, 3943
List the prime factors of 1032079.
23, 1951
List the prime factors of 1945995.
3, 5, 129733
What are the prime factors of 224870?
2, 5, 113, 199
What are the prime factors of 1961804?
2, 13, 31, 1217
List the prime factors of 639783.
3, 67, 1061
What are the prime factors of 241697?
263, 919
What are the prime factors of 183958?
2, 19, 47, 103
List the prime factors of 6665978.
2, 11, 302999
List the prime factors of 6486783.
3, 797, 2713
What are the prime factors of 8690140?
2, 5, 29, 14983
List the prime factors of 3470536.
2, 433817
What are the prime factors of 23249470?
2, 5, 89, 151, 173
What are the prime factors of 236407?
236407
What are the prime factors of 773742?
2, 3, 43, 2999
What are the prime factors of 535000?
2, 5, 107
List the prime factors of 92793.
3, 30931
What are the prime factors of 296450?
2, 5, 7, 11
What are the prime factors of 2502140?
2, 5, 125107
What are the prime factors of 123851?
7, 13, 1361
List the prime factors of 2276676.
2, 3, 63241
List the prime factors of 4813901.
223, 21587
List the prime factors of 6941163.
3, 37, 62533
List the prime factors of 3496905.
3, 5, 25903
List the prime factors of 27881.
7, 569
List the prime factors of 22303.
22303
List the prime factors of 63872.
2, 499
What are the prime factors of 342035?
5, 67, 1021
List the prime factors of 5149052.
2, 383, 3361
What are the prime factors of 21770?
2, 5, 7, 311
List the prime factors of 16597136.
2, 191, 5431
What are the prime factors of 1536160?
2, 5, 9601
List the prime factors of 48552.
2, 3, 7, 17
What are the prime factors of 431692?
2, 107923
List the prime factors of 1104940.
2, 5, 101, 547
What are the prime factors of 5062853?
5062853
List the prime factors of 9760726.
2, 439, 11117
What are the prime factors of 3608150?
2, 5, 7, 13, 61
List the prime factors of 208490.
2, 5, 20849
List the prime factors of 15488.
2, 11
List the prime factors of 14977421.
251, 59671
List the prime factors of 532297.
43, 12379
List the prime factors of 254808.
2, 3, 3539
List the prime factors of 2238716.
2, 559679
What are the prime factors of 20542325?
5, 19, 59, 733
List the prime factors of 170748.
2, 3, 17, 31
What are the prime factors of 2784520?
2, 5, 67, 1039
What are the prime factors of 997547?
997547
Wha